
Let u(m) be the second derivative of -m**4/24 - 5*m**3/6 - m**2 - 3*m. Let h(r) be the first derivative of u(r). Determine h(-4).
-1
Let p(m) = 7*m**2 + 1. Let d(a) = -13*a**2 - a - 2. Let q(w) = -6*d(w) - 11*p(w). Let j = -8 - -3. Calculate q(j).
-4
Let s(t) = -2*t + 3. Suppose -4*l + 0*l + 42 = -2*q, 2*l = -3*q + 17. Let p be l/8 - (-9)/12. Give s(p).
-1
Let d(f) = -14*f**2 + 1. Suppose 0 = 5*j + 4 + 1. Give d(j).
-13
Let i(o) be the second derivative of -1/2*o**2 + 4*o + 0 + 7/6*o**3. Determine i(-1).
-8
Let v(x) = x - 2. Let f(l) = -3*l**2 - 5*l - 1. Let q(u) = u**2. Let t(p) = -f(p) - 4*q(p). Let s be t(4). Give v(s).
3
Let i(d) = -d**3 - 3*d**2 + 3*d. Let z be i(-4). Suppose -o = o + z. Let j(g) = -5*g - 1. What is j(o)?
9
Suppose 4*u = 3*b - 38, 5 = 2*b + 3*u - 26. Suppose -2*w + 2 = -b. Let z(n) = -n**2 + w + n - 8. Determine z(-1).
-2
Suppose -4*s = 3*y - 24, 3*y - 16 = 3*s + 8. Suppose -d - y = c, 2*c + 2*c + 33 = -5*d. Let n(g) = -g**2 - 8*g - 8. Give n(c).
-1
Let m(j) = -j**2 - 8*j + 4. Let f be m(-7). Let u(h) = -f + 3*h - 3*h - h + 10. Calculate u(0).
-1
Let o = 59 - 52. Let i(u) = u - 9. Calculate i(o).
-2
Let u = 16 - 13. Let m(g) be the third derivative of 0*g - 5/6*g**u - 1/60*g**5 - 1/24*g**4 + 0 - 3*g**2. What is m(0)?
-5
Let g(s) = -s**2 - 2*s - 1. Let o(i) = -i**3 + 11*i**2 - 8*i - 11. Let l be o(10). Suppose 5*j = -l - 1. Calculate g(j).
-1
Let t(u) be the first derivative of 2*u**3 + u**2/2 + u + 45. What is t(-1)?
6
Let l(q) be the first derivative of q**4/4 + 4*q**3/3 - 3*q**2 - q - 8. Calculate l(-5).
4
Let n(u) = -3*u**2 - u + 5. Let x(j) = 3*j**2 - 4. Let i(y) = 2*n(y) + 3*x(y). Suppose 3*r = r + 4. Calculate i(r).
6
Let z(f) be the first derivative of -2 + 2/3*f**3 - 1/4*f**4 + 2*f - 2*f**2. Calculate z(2).
-6
Let s = -29 + 27. Let q(n) = 2*n**2 + 4*n + 2. Determine q(s).
2
Suppose 5*o = 14 + 11. Let y(j) be the second derivative of 4*j + 0 - 1/6*j**3 - 5/2*j**2. Calculate y(o).
-10
Let z(w) be the second derivative of -w**4/12 - 2*w**3/3 - 3*w**2/2 + 4*w. Let q be 4/22 + (-138)/33. Calculate z(q).
-3
Let i(v) = -4*v. Let w be i(-3). Suppose 4*o = 8*o + w. Let n(a) be the second derivative of a**3/6 - a**2/2 - a. Give n(o).
-4
Let f(a) = -a**2 + a + 2. Let z(v) = v**2 - 7*v + 4. Let y be z(3). Let p = y - -13. Suppose -3*n + 5*i - 7 = -1, p*i = 15. Give f(n).
-4
Let b = 2 - -2. Let l(w) be the second derivative of 1/2*w**2 + 0 + 2*w + 1/12*w**4 - w**3. Calculate l(b).
-7
Let o(d) = -d**2 + 6*d - 5. Let w be 7 + 0 - (-7)/((-35)/10). Calculate o(w).
0
Let x(v) = v**2 - 8*v + 6. Let y = 23 - 18. Calculate x(y).
-9
Let w(b) = 3*b - 6. Let v be w(4). Let t(s) = -s**2 + 7*s - 8. Give t(v).
-2
Let d(h) = 3*h**2 + 2*h + 1. Let a be (-2 + 3 - 0) + (-5 - -2). Determine d(a).
9
Suppose -2 - 18 = -4*k. Suppose -26 + 6 = k*y. Let l(f) = f + 2. Determine l(y).
-2
Let x = 5 - -1. Let w(h) = -h + 1. Let t be w(x). Let j(n) be the third derivative of -n**5/60 - n**4/6 - 7*n**3/6 + 69*n**2. What is j(t)?
-12
Let s(h) be the second derivative of 1/6*h**3 - 1/12*h**4 + 1/20*h**5 + 0 - 2*h - 2*h**2. Give s(0).
-4
Let m(u) = -7*u + 2. Let i(p) be the third derivative of p**6/120 + 7*p**5/60 + p**4/4 + p**3/3 + 7*p**2. Let w be i(-6). Calculate m(w).
-12
Let k(l) = l - 10*l + 5 + 7*l. Give k(4).
-3
Let g = 7 + -4. Let i(f) = 3*f**2 + 1 - 4*f**2 - f - f**g - 5*f**2 + 3*f**2. Give i(-2).
-1
Let w(k) be the second derivative of -k**4/12 + k**3/6 - k**2 + k. Calculate w(3).
-8
Let f(w) be the third derivative of w**5/60 - 5*w**3/6 - 26*w**2. What is f(-5)?
20
Let x = -5 - -8. Let p be (2/(-4))/(x/18). Let a(m) = -7*m**3 + 3*m**2 + 4*m - 11. Let d(f) = 3*f**3 - f**2 - 2*f + 5. Let g(c) = -2*a(c) - 5*d(c). Give g(p).
9
Let m(l) = 4*l**2. Let o(q) = -q + 4. Let t be o(0). Suppose -t*p - 4 = -8*p. Let w be m(p). Let k(j) = j**2 - 3*j + 5. Determine k(w).
9
Let o(t) = t**3 + t**2 - 5*t - 4. Suppose 0 = -2*p + 1 + 11. Suppose y = p*y. Suppose y = w + 2*w + 9. What is o(w)?
-7
Let h(r) = r - 1 + r**2 - 7 + 0*r**2. Let c be h(-4). Let w(v) be the second derivative of 2*v**3/3 - 5*v**2/2 - v. Calculate w(c).
11
Let v(c) = -c**3 - 4*c**2 - 3*c. Suppose 5*p = -2*p - 21. Calculate v(p).
0
Let z be (-1)/((-3)/36*2). Suppose -z = 4*v - 2. Let t be (-3 + v + 2)/(-2). Let x(k) = -4*k**3 - k**2. Calculate x(t).
-5
Let g(b) = 1. Suppose 4*y - 3*h + 0 = -5, -2*h = 5*y - 11. Let r(k) = k**2 + 2*k - 1. Let t = 8 - 3. Let s(z) = t*g(z) + y*r(z). Calculate s(-3).
7
Let d(f) = -f**3 - 13*f**2 - 12*f + 8. Let s be d(-12). Let q(i) = i**2 - 8*i + 6. Determine q(s).
6
Suppose -5*y + 10 = 4*b, y - 14 = -5*b + 9. Let m be (-11)/((-2 - -3)*-1). Suppose -4 = -b*i + m. Let s(q) = q**3 - 3*q**2 + q - 1. Give s(i).
2
Let v = 2 - -4. Suppose 12 = -4*y - 3*n, -y - 12 = -6*y + 3*n. Suppose -4*q - 18 + v = y. Let k(i) = i**2 + 3*i + 3. Determine k(q).
3
Let h(k) = k - 1. Let l be 2/(-7) + (-48)/(-21). Let x be l/(1 - 3) + 13. Suppose x = -3*v - v. What is h(v)?
-4
Let a(b) = 7*b**2 + b - 1. Let j(s) = s**2 + s. Let f(o) = -a(o) + 2*j(o). Let t(r) = -r**3 - 10*r**2 - 10*r - 10. Let k be t(-9). Calculate f(k).
-5
Let r(a) = a + 4 + 2 + 2*a**2 + a**3 + 1 + 0. Let p be r(-3). Let j(l) = -l**3 - 5*l**2 - l - 3. What is j(p)?
2
Let n(g) be the first derivative of -6 - 1/3*g**3 + 4*g + 2*g**2. Determine n(5).
-1
Let s(d) = -d - 7. Let u(g) = -7*g + 24. Let x be u(4). What is s(x)?
-3
Let x(q) = q**2 + 4*q - 6. Suppose -10*v + 7*v = 0. Suppose v = m - 25 + 31. Calculate x(m).
6
Suppose 17 = 2*n + n - 2*u, u = 3*n - 22. Let y(l) = l**2 - 10*l + 13. Let o be y(n). Let w(a) be the third derivative of -a**4/24 + 2*a**3/3 - a**2. Give w(o).
0
Let m(t) = -3*t + 3. Suppose 4*f = 1 + 15. Calculate m(f).
-9
Let k(q) = 10*q - 11. Let p(u) = 5*u - 5. Let b(j) = -4*k(j) + 9*p(j). Suppose -5*r - 8 = m, 3*m + 5*r = -2*m. Calculate b(m).
9
Let l(j) be the second derivative of -j**3/6 - j**2/2 + 3*j. Let w be l(-3). Let b(x) = -5*x**2 + 7*x - w*x**2 + 3 + 2*x**2 - x**3 + 0*x**3. Determine b(-6).
-3
Let m(a) = a**2 + 19*a - 6. Let j(x) = 0*x**2 + x**2 - 95*x - 4 + 108*x. Let d(q) = q**2 + 6*q. Let h be d(-5). Let k(b) = h*m(b) + 7*j(b). Calculate k(3).
8
Let p(k) = 10*k**2 + 2*k + 1. Let j be 2/((-16)/(-4) - 3). Suppose j*w + 0 = u + 1, 4*w = -3*u - 3. What is p(u)?
9
Let m(b) be the first derivative of b**2/2 + 2*b - 8. Let q be 6/(-15) + 22/5. Calculate m(q).
6
Let v(s) = -3*s + 2. Let i be v(2). Let p(h) = -h**2 - h - 1. Let a(j) = -6*j**2 - 9*j. Let n(c) = -a(c) + 4*p(c). Give n(i).
8
Suppose 2*m + 13 = b, -m - 12 = -2*b - 1. Let d be 1/(1*b/(-18)). Let l(g) = g**3 + 6*g**2 + g + 5. What is l(d)?
-1
Let c(y) = y - 3. Let d be c(-3). Let p(f) = -7*f**3 - 8*f**2 - 5*f + 6. Let k(i) = i**3. Let o(w) = d*k(w) - p(w). Determine o(-7).
8
Suppose 5*i - 15 = 20. Suppose 3*u - i = -p, 3*u - u - 5*p = -1. Let x(y) = -4*y + 0*y**2 - y**u + 2*y + 1. Calculate x(-4).
-7
Let r = 69/2 + -34. Let w(d) be the first derivative of -2 - 3*d + r*d**2. Give w(0).
-3
Let n = 7 + -5. Let b(a) = -5*a + n + 2*a + 4*a + 0*a. Give b(-3).
-1
Let f(n) = 3*n + 5. Let d(h) = -h - 2. Let g(y) = 5*d(y) + 2*f(y). Determine g(-5).
-5
Let w(n) be the second derivative of -n**4/6 - n**2/2 - 23*n. Determine w(2).
-9
Let f be (-4)/28 - (-1)/(14/(-12)). Let z(h) = -8*h**3 - h. Determine z(f).
9
Suppose m + 4*w - 8 = 4*m, 10 = 2*w. Let g(l) = m*l**2 - 2*l + 0*l + 2*l. Give g(1).
4
Let z(i) = -3*i - 17. Let k = 7 - 14. Let r be z(k). Let f(h) = -3*h + 5. What is f(r)?
-7
Let l(n) = -15*n. Let o(v) = -v - 4. Let t be o(-11). Let q(y) = 29*y. Let d(i) = t*l(i) + 4*q(i). What is d(-1)?
-11
Let v(m) be the second derivative of -5*m**4/12 - m**3/2 - 5*m**2 - 2*m. Let u(i) = -14*i**2 - 8*i - 29. Let l(r) = -4*u(r) + 11*v(r). Give l(0).
6
Let a(f) be the first derivative of f**6/360 + f**5/15 + 7*f**4/24 - 4*f**3/3 - 1. Let y(o) be the third derivative of a(o). Give y(-5).
-8
Let t(i) = -2*i**2 - i. Let f(r) = r - 2. Let j be f(5). Let g be 10/(-30) - 2/j. Give t(g).
-1
Let p(o) = o**3 - 4*o**2 - 6*o + 6. Let n(q) = q**3 + 4*q**2 - 3*q - 3. Let g be n(-4). Let f(b) = -b**2 + 10*b - 4. Let t be f(g). Calculate p(t).
1
Let u(h) = 4*h - 2 - h - 4. Calculate u(5).
9
Let q be 15*(-4)/(-48)*-4. Let k(y) = y + 7. What is k(q)?
2
Suppose 10 = -0*x +